0 - -146)
-83
-421 + 411 - (3 + 66 + 2 + 1)
-82
Evaluate (1 - (2 + -6)) + 29 + -65 + 63.
32
Evaluate 52 + (-3 - 2) + (21 - 14) + -12 + 2.
44
Evaluate 0 + -13 - (32 + (-12 - 14)).
-19
What is -5 + -2 + -10 + -26 + 23 + -18 + 12?
-26
What is 13 + 14 - ((0 - -3) + (-3 - 23) + 18)?
32
(-34 - -55) + 2 + 9
32
What is the value of -16 + 112 - ((8 - -6) + -5)?
87
What is the value of 17 - (23 - 9) - (-111 - -11 - (-7 - -2))?
98
Calculate 32 - ((3 - -10) + (9 - -1) + -4).
13
Calculate 1 + 0 + -5 + (37 - 65 - -26).
-6
Evaluate 7 + -5 + 1 + (84 - -6) + (16 - 18).
91
What is 0 + 8 - (6 - ((13 - 11) + 20))?
24
Evaluate 10 - (25 - 80 - -37).
28
11 + (-35 + 1 - (2 - (0 + -3)) - 5)
-33
What is -2 + -11 + -24 + -45 + -30?
-112
What is the value of 33 + (4 - (5 - (7 + -1 + 5 + -4)))?
39
-4 + ((-7 - -27) + -8 - 61) + 2
-51
2 - 8 - (-84 - -52)
26
Calculate 5 - (73 - -2 - 5) - (-47 - -33 - -5).
-56
Evaluate -1 + 3 + 12 + 208 + -215 - -10.
17
Evaluate 49 - (-11 + (33 - 19) - (-2 + 21)).
65
Calculate -46 + -2 + (-198 - -291).
45
(11 - (-14 - 2)) + -25 + -51 + -1
-50
Evaluate (-24 - -32 - 35) + 75 - 5.
43
Calculate 90 + (-88 - -49 - 28).
23
What is (-6 - -62) + -63 + -1?
-8
(9 - (0 + 8 - (-100 + 119))) + -99
-79
What is the value of -16 + (8 - 6 - 2) + (-27 - -15)?
-28
Calculate (-389 - -129) + 266 + 1 + 3 + -5 + 14.
19
What is (18 - (16 - -8)) + (5 - (8 - 101))?
92
What is 14 - (-61 - -13) - 10?
52
Evaluate -293 + (40 - -71) - -120.
-62
Evaluate -38 - (38 - 25 - 204) - 33.
120
Calculate 45 - 78 - (-8 + (6 - 7)).
-24
What is the value of -32 + 41 + 51 - (9 - -13)?
38
Calculate (-10 + -1 - (-38 + 20)) + 13 + -24 + -2.
-6
Evaluate -20 + (128 + -70 - (1 + -17) - 7).
47
(-1902 - -1995) + (-1 - 3) + -15
74
Evaluate -1 + (-52 - (1 + 0)) + -1 - (-43674 + 43669).
-50
What is the value of (-2 - 19) + (121 - 132) + -10?
-42
What is -8 + -9 - (40 + 39 + -27)?
-69
What is the value of -27 - ((5 - 18) + 21 + -3)?
-32
1 - 155 - (-11940 + 11903)
-117
Calculate (0 - (-3 - -9)) + 8 + 25 + 10 + 10.
47
-29 + 3 + 37 + 24
35
Calculate -2 + -27 - (-87 + -11 - -142).
-73
What is -3 - (9 + -1 + (10 - -7) + -9)?
-19
What is the value of (8 - (35 - -111)) + -13 + 40?
-111
Calculate 40 - (6 + -14 - (193 - 166)).
75
Evaluate (42 - 28) + (5 - 5) + -15 - -27.
26
Calculate 9 + -13 - 13 - (-81 - -66).
-2
Evaluate (-1 - -12) + (-32 - 3) + 56.
32
What is (-6 + 1 - -35) + (-59 - -59)?
30
-4 + (6 - 0) + (-13 - (-5 + 47))
-53
Evaluate (-72 + 9 + -3 - (13 - 22)) + 8 - -9.
-40
Calculate -47 - (82 - 80 - -21).
-70
4 + -36 + 10 + 29
7
Calculate 14 - (-45 + 42 + 7).
10
What is -27 + 45 + (-314 - -197)?
-99
Evaluate 10 + 3 + -37 - (-29 + 14 + -1).
-8
Evaluate 5 + 5 + -5 + 9 + -14 + -17.
-17
What is (-1 - (-79 + 8)) + -1 + (3 - -1) + 0?
73
What is 17 + -9 + (-38 - -49) - -55?
74
What is the value of 3 + (6 - 11) + (-8 + -1 - -24) + 14?
27
6 + 1 - (-102 - -19 - -63)
27
What is the value of (30 - -14) + (-68 - -30)?
6
What is (21 - (9 - -23)) + -10 + 24?
3
Calculate (2 + -2 - 5) + -61 + (21 - (45 - 15)).
-75
Calculate -50 + (-81 - -174) + -4.
39
Calculate 1 + 32 - (29 - (-2 - -13)).
15
What is (20 - 39) + -22 - (93 - 4)?
-130
What is (-37 - 0 - -6) + (4 - 2 - (4 - -9))?
-42
What is the value of -40 + 170 - (-1 + 27)?
104
Evaluate -15 - (-15 - -8 - -1) - (9 + -12 + -9).
3
(-1079 - -1154) + 2 + -1 + 0 + -9
67
Calculate -3 - 33 - (-186 + 172) - (0 + -13) - -8.
-1
-69 + 21 + -148 + 246
50
Evaluate -93 + (-92 - -156) + (-3 - 0) + (-9 - -3).
-38
(1 - 10 - (-120 + 129)) + (-2 - -11)
-9
Calculate -149 + 78 - 3 - -73.
-1
Calculate -61 + (11 - 1) + 3 - (-1 - 6).
-41
What is the value of 9 + (-13 - (-5 + 18 + -3))?
-14
Calculate (3 - -11) + 10 + (-3 - 20) + 3 + 92.
96
Evaluate 1 + 32 + -1327 + 1268.
-26
Evaluate (37 - 3 - 3) + -18.
13
What is -8 + (-36 - -22) - -25 - (4 + -50)?
49
Evaluate (-13 - 18) + 15 - 11 - -12.
-15
Calculate 17 + (38 - 30 - (-1 - -61)).
-35
Evaluate (-51 + 106 + 67 - (-1 - -2 - -13)) + -7.
101
14 - (1 - 10 - (-245 - -227)) - -29
34
What is -18 - (-48 + -87 + 73)?
44
What is the value of (-33 - 1) + (-6 + 64 - 55) + 4 + -10?
-37
What is -15033 + 15204 - (0 - -68)?
103
Evaluate 20 - (-33 - (13 - 39)).
27
What is the value of -22 - (11 - 1 - 16) - 4?
-20
What is 26 + -1 - (-1919 - -1975)?
-31
Calculate 149 + -280 - -183 - (1 + 0).
51
Calculate (0 - 1 - (62 + -113 + 59)) + -5 + 11.
-3
What is 17 + (-25 - -2) + 23 + 12?
29
Calculate (25 + -22 - 7) + 10 + 2.
8
What is the value of -49 + 1 - (42 + 106 + -140)?
-56
What is the value of -56 + -52 + 41 + 49?
-18
What is the value of 14 - 59 - 28 - -53?
-20
Evaluate -14 + (92 - (130 - 70)).
18
What is the value of -56 + -172 + 7 - -136?
-85
What is -14 + 6 + 13 + 34 + -41?
-2
Calculate 36 + -22 - 27 - -5 - (-3 + 2 + 0).
-7
(4 + 23 - (-21 - -29 - 15)) + (11 - 7)
38
What is the value of 16 - ((-9 - (0 - -1)) + 27 + (33 - -14))?
-48
What is the value of (551 - 479) + (1 + -9 - (-3 - -1))?
66
Evaluate -1 - -2 - 8 - (-23 + (21 - 10)).
5
Calculate -6 - -13 - 5 - 1 - (-7 + -46 + 5).
49
(-8 - 2) + (61 - 83 - -46)
14
Calculate (71 - 83 - 42) + 60.
6
What is 1 - 76 - ((5 - -2) + 10 + -4 - 20)?
-68
What is 108 + (-17 - -3 - ((-1 - 5) + -2))?
102
Calculate -115 + 125 + -1 + 2 + (-5 - (80 - -6)).
-80
Evaluate 14 - (2 - 5) - (-120 - -120).
17
What is (14 - 19 - 1 - (-2 + 23)) + 67 + -69?
-29
Evaluate (23 - 26) + (-13 - 9 - -10 - -40).
25
Evaluate 1 + -2 + (3 - (-2 - 0)) + -6 - -47.
45
Calculate (-357 - -337) + -27 + 0 - (-8 - 9).
-30
Evaluate (-1629 - -1608) + 6 + 1 + 3 + -2 + 1.
-12
What is -78 + (-5 - -31) + 38?
-14
What is -54 + 85 + (58 - 66)?
23
Calculate ((-10 - -3) + 14 + -6 - 28) + (4 - 15).
-38
What is 5 + -21 - ((-21 - -48) + -18)?
-25
Evaluate (1 + -8 - (-20 + 2 - -20 - 14)) + 14.
19
What is the value of -195 - -196 - (3 + (-2 - -44))?
-44
What is the value of 46 + (-156 + -2 - (258 - 269))?
-101
What is 26 + -5 + (53 - 36)?
38
47 - (-17 - -42) - -24 - (3 + -1 + -7)
51
-8 + 18 - -7 - (174 + -158)
1
Calculate 23 + 17 + -108 - -6.
-62
Evaluate (-18 + 46 - -96) + -29 + 11 + 2.
108
Evaluate -3 + 16 - (-13 - (-13 + 13 + -33 + -12)).
-19
Evaluate -73 + -37 + -35 + (5 - -95).
-45
What is the value of -59 - (29 - 2 - 67)?
-19
What is 11 + (-7 + -2 - (6 - 2 - 2))?
0
Evaluate 29 + (-71 - 36) + 19.
-59
What is -45 + (-337 + 321 + 6 + 1 - (-10 + 2))?
-46
4 + 0 + (51 - 33 - 11) - -10
21
Evaluate -87 + -103 + 21 + 236.
67
What is (10 - 17) + (13 - (4 + -3) - 1 - 85)?
-81
(-36 + -18 + 6 - -9) + -1 + -11
-51
What is the value of -15 + -18 + (9 - -6 - -6)?
-12
Calculate -34 + (-1 + 3 - -16) + -45.
-61
What is the value of 15 + (-45 - -9 - -39 - (-1 + (-4 - -2)))?
21
What is the value of (-9 + -76 + 33 - (1 + -14)) + -3 + 1?
-41
What is -313 + 297 + (55 - 4)?
35
(82 + -63 - 108) + 225
136
Evaluate 21 + (7 - 10) + 21 + -15.
24
What is the value of 24 + (-57 - (-63 - -70))?
-40
What is the value of -90 + (-18 - 31) + 71?
-68
What is the value of 4 + 51 + (-2 - 19 - (-112 - -99))?
47
(-207 - (-219 - -8)) + 2 + 82
88
What is the value of -27 + (2 - 45) + 46?
-24
What is the value of -20 + 0 + 8 - (9 - 29 - -38)?
-30
Calculate -366 + 396 - (7 - (-15 + 49)).
57
What is -4 + 110 - (43 + -89 + 47)?
105
Calculate (-13 - (13 - 51)) + -16 + -5 + 36.
40
What is the value of (7 + -6 - -116) + -15 + 4 + 7 + -9?
104
Calculate 1 - 8 - (2303 - 2325).
15
What is the value of 8 + (-27 - (-96 - 18))?
95
Evaluate 198 + -162 + (-1 - 1 - -8) + -2.
40
-1978 + 1953 - (4 - -56)
-85
What is the value of 99 - ((27 - (79 + -19)) + (-6 - -24))?
114
What is the value of -16 + (0 + 1 + -76 + -1 - (75090 - 75082))?
-100
(17 - (-16 + 21)) + 5 + -17 - (1 - 123)
122
What is (104 - (116 + -60)) + -49?
-1
What is the value of (-5 - 8 - -46) + 0?
33
What is the value of -3 - -1 - (-84 - (-74 + 13))?
21
What is the value of -25 - ((-4 - 0) + (28 + -31 - -5) + 1)?
-24
What is the value of -31 - -22 - -34 - ((-6 - 7) + 3 - -6)?
29
Calculate -114 + (-7 - -18 - (55 + -61)) + 3.
-94
67 + -20 + -16 + (3 - 13 - -13)
34
What is 2808 + -2808 - (-1 + 98)?
-97
Calculate 38 + (8 - 16) - (-1 - (-14 - -2)).
19
Calculate (-259 - -246) + (0 - -47).
34
-58 + 129 + -14 + -51
6
What is 122 + -192 + (31 - (1 - -2))?
-42
What is the value of (1 - 6 - (-9 + -6 + 9)) + 39 + 41?
81
Evaluate -238 + -5 + 233 - (-87 - (2 + 1)).
80
Calculate -